 (base 3) to base 2.
-11100110000111011
1b3370 (base 13) to base 3
1022012010211
1d810 (base 14) to base 16
12796
2122212110 (base 3) to base 2
1100110010101000
What is -1122085 (base 12) in base 8?
-14405745
-110036 (base 9) to base 14
-19ccb
1a901 (base 15) to base 6
1504001
What is -35918 (base 11) in base 8?
-144746
What is -10203123112 (base 4) in base 11?
-74591a
What is -5643424 (base 10) in base 16?
-561ca0
Convert 22465160 (base 8) to base 2.
10010100110101001110000
Convert -7734 (base 16) to base 3.
-1112212020
-1151514 (base 9) to base 16
-9873a
Convert 22211202221 (base 3) to base 8.
523763
What is -202142210 (base 6) in base 7?
-41313666
14210000 (base 8) to base 10
3215360
Convert -3727114 (base 8) to base 16.
-fae4c
What is 379a51 (base 11) in base 16?
92365
What is 695956 (base 11) in base 14?
20b036
What is -df5a0 (base 16) in base 2?
-11011111010110100000
Convert 1434ab (base 12) to base 15.
6a0b2
-43000506 (base 7) to base 15
-4c0a80
Convert 37541334 (base 8) to base 15.
ae16d0
What is 5334632 (base 10) in base 6?
310201212
What is -39471d (base 16) in base 11?
-2134287
Convert -5042351 (base 7) to base 16.
-922be
What is 13808669 (base 10) in base 16?
d2b41d
53610213 (base 7) to base 13
c41c22
1106306 (base 8) to base 15
5d53c
Convert 108736 (base 10) to base 16.
1a8c0
Convert 2367676 (base 12) to base 4.
122021303322
Convert 118a79 (base 15) to base 9.
1518346
3323244 (base 8) to base 7
10414150
What is 794a (base 15) in base 10?
25720
What is -24a1055 (base 11) in base 10?
-4335127
-33130441 (base 5) to base 15
-59cb6
1132001320 (base 4) to base 5
44311034
4078070 (base 12) to base 14
18709da
Convert 20db7f (base 16) to base 8.
10155577
-9a688 (base 14) to base 8
-1333320
Convert 10100000001000 (base 2) to base 11.
7777
-216875 (base 12) to base 6
-15205425
What is -3298238 (base 12) in base 9?
-20147068
What is 13147485 (base 10) in base 5?
11331204420
120121112010000 (base 3) to base 8
37514576
Convert -1055394 (base 10) to base 13.
-2ac4c2
Convert -6a554 (base 11) to base 4.
-120312330
What is -422532 (base 6) in base 15?
-a288
What is 2187783 (base 9) in base 14?
22a136
What is -110111100010000100 (base 2) in base 5?
-24234320
Convert -16b9349 (base 12) to base 11.
-27365aa
Convert -31001302112 (base 4) to base 16.
-341c96
Convert -15aa6b (base 13) to base 4.
-2003103313
-65649 (base 11) to base 8
-272060
3143554 (base 7) to base 8
1347377
-cd0d (base 16) to base 12
-26465
What is 1121134233 (base 5) in base 9?
4662375
-1032132233 (base 4) to base 15
-653a5
24431203 (base 5) to base 3
102212000212
What is 220010 (base 6) in base 16?
46e6
Convert -341120 (base 7) to base 10.
-60431
-2454243 (base 7) to base 8
-1151200
Convert -15d4c (base 15) to base 12.
-34969
-3110301130 (base 4) to base 14
-189872
What is 26266700 (base 8) in base 12?
1b67800
12650466 (base 8) to base 9
5306134
11031031312 (base 4) to base 2
101001101001101110110
What is -1010111000111111100111 (base 2) in base 4?
-22320333213
Convert 6134516 (base 9) to base 3.
20011011120120
What is 4444424 (base 5) in base 15?
18229
What is 26a31 (base 14) in base 15?
1d384
What is 6c4287 (base 14) in base 8?
16071337
-1111111000001101100011 (base 2) to base 12
-148896b
What is -17475465 (base 8) in base 16?
-3e7b35
Convert -99d74d (base 14) to base 6.
-303541453
-513256 (base 8) to base 3
-22121201012
-247281 (base 9) to base 4
-210202300
-220461 (base 10) to base 7
-1605513
Convert -4011000421 (base 5) to base 16.
-78a439
What is -218316 (base 10) in base 7?
-1566330
What is 22729 (base 14) in base 15?
19c1e
What is 11610653 (base 9) in base 15?
771ab9
What is 1673b (base 12) in base 10?
32159
-254552311 (base 7) to base 15
-16545b4
503460 (base 9) to base 14
7a762
Convert -1011001100111110 (base 2) to base 7.
-250531
Convert 1434068 (base 11) to base 4.
21121310332
-665652 (base 7) to base 2
-11100101000101110
110313302120 (base 4) to base 9
11258285
What is 757064 (base 11) in base 16?
12765d
Convert 120221200012 (base 3) to base 4.
1030221221
14313140 (base 5) to base 3
21200012021
Convert 39110a4 (base 11) to base 16.
677544
-11001111011 (base 2) to base 6
-11403
1688b52 (base 12) to base 8
21616156
-10120331200 (base 4) to base 12
-475b94
420040341 (base 5) to base 10
1721346
What is -5a6cc7 (base 13) in base 7?
-24223636
Convert 21444424 (base 6) to base 4.
2131030000
Convert 1000211012112200 (base 3) to base 7.
236451540
-3202420 (base 9) to base 12
-6a8039
-113112332 (base 4) to base 3
-11212020122
What is 11700540 (base 8) in base 7?
31002114
321b51 (base 13) to base 12
48806b
What is -11232033 (base 6) in base 12?
-148619
What is 5152139 (base 10) in base 14?
98185d
Convert 2014043 (base 5) to base 14.
bb42
What is -101000001010101000101101 (base 2) in base 13?
-2248791
What is 599550 (base 11) in base 7?
11033461
2c039 (base 15) to base 12
6a090
What is 3873ce (base 15) in base 8?
12250243
-18451 (base 10) to base 3
-221022101
Convert -2668044 (base 9) to base 4.
-11211002032
-24411 (base 11) to base 13
-12c92
-3331 (base 16) to base 12
-7701
-15876446 (base 9) to base 16
-798261
Convert -103116 (base 9) to base 3.
-10010010120
What is 64a936 (base 12) in base 14?
2d716a
What is -111012012011 (base 4) in base 8?
-25060605
232251055 (base 6) to base 12
1540a8b
Convert -3208811 (base 9) to base 15.
-23e491
-31100122 (base 4) to base 10
-54298
Convert 12202100211211 (base 3) to base 9.
5670754
-10100000110000111 (base 2) to base 7
-461655
-28ba17 (base 12) to base 16
-a6ff3
What is -11012001 (base 4) in base 10?
-20865
What is -21032213 (base 4) in base 12?
-19a5b
Convert 2010022 (base 4) to base 14.
3122
-5204aa (base 13) to base 2
-111010011011000100011
What is 12113415 (base 6) in base 9?
643482
Convert -1012330442 (base 5) to base 12.
-8401a8
Convert 122202102200 (base 3) to base 11.
219653
Convert 1015002 (base 9) to base 8.
2041721
What is d6ad (base 14) in base 12?
194b5
Convert -3424565 (base 7) to base 9.
-720215
Convert -6151561 (base 7) to base 8.
-2634151
What is -66660 (base 13) in base 14?
-4b920
-201201021011 (base 3) to base 8
-1365665
-40531140 (base 6) to base 13
-319353
What is 502430431 (base 6) in base 15?
b365b7
-212202120 (base 4) to base 16
-26898
Convert -122010002011121 (base 3) to base 12.
-3067474
Convert c008b9 (base 13) to base 12.
15ab364
-3103323102 (base 4) to base 6
-30334430
Convert -8398465 (base 10) to base 13.
-198090a
Convert b7074 (base 13) to base 9.
552162
10020546 (base 7) to base 3
1120002122210
What is 10de68 (base 16) in base 8?
4157150
What is 64795 (base 11) in base 15?
1cd4b
-1010211021121 (base 3) to base 11
-384936
What is 3221 (base 12) in base 15?
1967
What is 10110011000111110001 (base 2) in base 13?
1c8c40
22005134 (base 6) to base 4
2133233302
Convert -a70bb (base 14) to base 15.
-7e873
-324550 (base 12) to base 8
-3022014
Convert 1115213 (base 6) to base 8.
157071
Convert 589997 (base 14) to base 9.
5616744
What is -3244907 (base 10) in base 4?
-30120031223
-1423123 (base 9) to base 5
-200024143
Convert 4098565 (base 11) to base 2.
11011100100111110011001
What is 142636 (base 8) in base 2?
1100010110011110
Convert 73253 (base 10) to base 4.
101320211
Convert -3003302011 (base 5) to base 14.
-addd0d
1140287 (base 9) to base 14
120bb9
Convert 3013100 (base 6) to base 9.
235640
Convert -2412003242 (base 5) to base 6.
-315322420
Convert 6b879 (base 12) to base 3.
21100110010
What is 46f75 (base 16) in base 13?
a23ca
Convert -14411155 (base 6) to base 10.
-499247
What is -10562311 (base 10) in base 4?
-220102230013
Convert 21204370 (base 8) to base 5.
2124234110
What is a2c337 (base 13) in base 14?
70ba41
-305362 (base 8) to base 6
-2100030
What is 4400551 (base 7) in base 12?
21b4a1
Convert -844281 (base 10) to base 6.
-30032413
17377994 (base 10) to base 11
989a387
What is 21053235 (base 7) in base 15?
251bb3
-26100410 (base 7) to base 2
-1001000010100111000110
Convert -302121103 (base 4) to base 12.
-9b557
Convert -991b1 (base 12) to base 6.
-4201141
Convert -1100 (base 11) to base 15.
-66c
10101100110101000100 (base 2) to base 8
2546504
What is 101101001001011010100011 (base 2) in base 5?
11012210133
Convert -257634 (base 9) to base 8.
-461553
60c11 (base 15) to base 5
34301331
Convert -422243